[INFO] cloning repository https://github.com/theatlasroom/rust-learning
[INFO] running `Command { std: "git" "-c" "credential.helper=" "-c" "credential.helper=/workspace/cargo-home/bin/git-credential-null" "clone" "--bare" "https://github.com/theatlasroom/rust-learning" "/workspace/cache/git-repos/https%3A%2F%2Fgithub.com%2Ftheatlasroom%2Frust-learning", kill_on_drop: false }`
[INFO] [stderr] Cloning into bare repository '/workspace/cache/git-repos/https%3A%2F%2Fgithub.com%2Ftheatlasroom%2Frust-learning'...
[INFO] running `Command { std: "git" "rev-parse" "HEAD", kill_on_drop: false }`
[INFO] [stdout] 7d4a390a3ace3085dbcc821e2fb7899f7a668a1c
[INFO] checking theatlasroom/rust-learning against try#72f88fc4e9458f89516a0b8b0868f3718aec5b47 for pr-74989
[INFO] running `Command { std: "git" "clone" "/workspace/cache/git-repos/https%3A%2F%2Fgithub.com%2Ftheatlasroom%2Frust-learning" "/workspace/builds/worker-10/source", kill_on_drop: false }`
[INFO] [stderr] Cloning into '/workspace/builds/worker-10/source'...
[INFO] [stderr] done.
[INFO] validating manifest of git repo https://github.com/theatlasroom/rust-learning on toolchain 72f88fc4e9458f89516a0b8b0868f3718aec5b47
[INFO] running `Command { std: "/workspace/cargo-home/bin/cargo" "+72f88fc4e9458f89516a0b8b0868f3718aec5b47" "read-manifest" "--manifest-path" "Cargo.toml", kill_on_drop: false }`
[INFO] started tweaking git repo https://github.com/theatlasroom/rust-learning
[INFO] finished tweaking git repo https://github.com/theatlasroom/rust-learning
[INFO] tweaked toml for git repo https://github.com/theatlasroom/rust-learning written to /workspace/builds/worker-10/source/Cargo.toml
[INFO] crate git repo https://github.com/theatlasroom/rust-learning already has a lockfile, it will not be regenerated
[INFO] running `Command { std: "/workspace/cargo-home/bin/cargo" "+72f88fc4e9458f89516a0b8b0868f3718aec5b47" "fetch" "--locked" "--manifest-path" "Cargo.toml", kill_on_drop: false }`
[INFO] [stderr]  Downloading crates ...
[INFO] [stderr]   Downloaded libc v0.2.20
[INFO] running `Command { std: "docker" "create" "-v" "/var/lib/crater-agent-workspace/builds/worker-10/target:/opt/rustwide/target:rw,Z" "-v" "/var/lib/crater-agent-workspace/builds/worker-10/source:/opt/rustwide/workdir:ro,Z" "-v" "/var/lib/crater-agent-workspace/cargo-home:/opt/rustwide/cargo-home:ro,Z" "-v" "/var/lib/crater-agent-workspace/rustup-home:/opt/rustwide/rustup-home:ro,Z" "-e" "SOURCE_DIR=/opt/rustwide/workdir" "-e" "CARGO_TARGET_DIR=/opt/rustwide/target" "-e" "CARGO_HOME=/opt/rustwide/cargo-home" "-e" "RUSTUP_HOME=/opt/rustwide/rustup-home" "-w" "/opt/rustwide/workdir" "-m" "1610612736" "--user" "0:0" "--network" "none" "rustops/crates-build-env@sha256:d92eaeed33fa75130ca1ee6c8a01d1ffb62bac859dfdfb3450e3e5d1c0146529" "/opt/rustwide/cargo-home/bin/cargo" "+72f88fc4e9458f89516a0b8b0868f3718aec5b47" "metadata" "--no-deps" "--format-version=1", kill_on_drop: false }`
[INFO] [stdout] 7f812ff155972eb4e356191f8a4bff30dee098cae60364ce0474d69f403ccaaa
[INFO] [stderr] WARNING: Your kernel does not support swap limit capabilities or the cgroup is not mounted. Memory limited without swap.
[INFO] running `Command { std: "docker" "start" "-a" "7f812ff155972eb4e356191f8a4bff30dee098cae60364ce0474d69f403ccaaa", kill_on_drop: false }`
[INFO] running `Command { std: "docker" "inspect" "7f812ff155972eb4e356191f8a4bff30dee098cae60364ce0474d69f403ccaaa", kill_on_drop: false }`
[INFO] running `Command { std: "docker" "rm" "-f" "7f812ff155972eb4e356191f8a4bff30dee098cae60364ce0474d69f403ccaaa", kill_on_drop: false }`
[INFO] [stdout] 7f812ff155972eb4e356191f8a4bff30dee098cae60364ce0474d69f403ccaaa
[INFO] running `Command { std: "docker" "create" "-v" "/var/lib/crater-agent-workspace/builds/worker-10/target:/opt/rustwide/target:rw,Z" "-v" "/var/lib/crater-agent-workspace/builds/worker-10/source:/opt/rustwide/workdir:ro,Z" "-v" "/var/lib/crater-agent-workspace/cargo-home:/opt/rustwide/cargo-home:ro,Z" "-v" "/var/lib/crater-agent-workspace/rustup-home:/opt/rustwide/rustup-home:ro,Z" "-e" "SOURCE_DIR=/opt/rustwide/workdir" "-e" "CARGO_TARGET_DIR=/opt/rustwide/target" "-e" "CARGO_INCREMENTAL=0" "-e" "RUST_BACKTRACE=full" "-e" "RUSTFLAGS=--cap-lints=forbid" "-e" "CARGO_HOME=/opt/rustwide/cargo-home" "-e" "RUSTUP_HOME=/opt/rustwide/rustup-home" "-w" "/opt/rustwide/workdir" "-m" "1610612736" "--user" "0:0" "--network" "none" "rustops/crates-build-env@sha256:d92eaeed33fa75130ca1ee6c8a01d1ffb62bac859dfdfb3450e3e5d1c0146529" "/opt/rustwide/cargo-home/bin/cargo" "+72f88fc4e9458f89516a0b8b0868f3718aec5b47" "check" "--frozen" "--all" "--all-targets" "--message-format=json", kill_on_drop: false }`
[INFO] [stdout] 071a84cedbff27e8bf5046879697c07a232f5384aaf506327e698fc9d8fd8211
[INFO] [stderr] WARNING: Your kernel does not support swap limit capabilities or the cgroup is not mounted. Memory limited without swap.
[INFO] running `Command { std: "docker" "start" "-a" "071a84cedbff27e8bf5046879697c07a232f5384aaf506327e698fc9d8fd8211", kill_on_drop: false }`
[INFO] [stderr]     Checking libc v0.2.20
[INFO] [stderr]     Checking rand v0.3.15
[INFO] [stderr]     Checking learning v0.1.0 (/opt/rustwide/workdir)
[INFO] [stdout] error[E0601]: `main` function not found in crate `text_in_input`
[INFO] [stdout]   |
[INFO] [stdout]   = note: consider adding a `main` function to `src/bin/text_in_input.rs`
[INFO] [stdout] 
[INFO] [stdout] 
[INFO] [stdout] error: aborting due to previous error
[INFO] [stdout] 
[INFO] [stdout] 
[INFO] [stdout] For more information about this error, try `rustc --explain E0601`.
[INFO] [stdout] 
[INFO] [stderr] error: could not compile `learning`.
[INFO] [stderr] 
[INFO] [stderr] To learn more, run the command again with --verbose.
[INFO] [stderr] warning: build failed, waiting for other jobs to finish...
[INFO] [stdout] error[E0530]: match bindings cannot shadow tuple variants
[INFO] [stdout]   --> src/bin/file_io.rs:28:9
[INFO] [stdout]    |
[INFO] [stdout] 28 |         Err => println!("Error\n{:?}", handle),
[INFO] [stdout]    |         ^^^ cannot be named the same as a tuple variant
[INFO] [stdout] 
[INFO] [stdout] 
[INFO] [stdout] error: format argument must be a string literal
[INFO] [stdout]  --> src/bin/primitives.rs:3:14
[INFO] [stdout]   |
[INFO] [stdout] 3 |     println!('\u{0024}');
[INFO] [stdout]   |              ^^^^^^^^^^
[INFO] [stdout]   |
[INFO] [stdout] help: you might be missing a string literal to format with
[INFO] [stdout]   |
[INFO] [stdout] 3 |     println!("{}", '\u{0024}');
[INFO] [stdout]   |              ^^^^^
[INFO] [stdout] 
[INFO] [stdout] 
[INFO] [stdout] error: format argument must be a string literal
[INFO] [stdout]  --> src/bin/primitives.rs:4:14
[INFO] [stdout]   |
[INFO] [stdout] 4 |     println!('\u{00A5}');
[INFO] [stdout]   |              ^^^^^^^^^^
[INFO] [stdout]   |
[INFO] [stdout] help: you might be missing a string literal to format with
[INFO] [stdout]   |
[INFO] [stdout] 4 |     println!("{}", '\u{00A5}');
[INFO] [stdout]   |              ^^^^^
[INFO] [stdout] 
[INFO] [stdout] 
[INFO] [stdout] error: format argument must be a string literal
[INFO] [stdout]  --> src/bin/primitives.rs:5:14
[INFO] [stdout]   |
[INFO] [stdout] 5 |     println!('\u{26A1}');
[INFO] [stdout]   |              ^^^^^^^^^^
[INFO] [stdout]   |
[INFO] [stdout] help: you might be missing a string literal to format with
[INFO] [stdout]   |
[INFO] [stdout] 5 |     println!("{}", '\u{26A1}');
[INFO] [stdout]   |              ^^^^^
[INFO] [stdout] 
[INFO] [stdout] 
[INFO] [stdout] error: format argument must be a string literal
[INFO] [stdout]  --> src/bin/primitives.rs:6:14
[INFO] [stdout]   |
[INFO] [stdout] 6 |     println!('\u{2600}');
[INFO] [stdout]   |              ^^^^^^^^^^
[INFO] [stdout]   |
[INFO] [stdout] help: you might be missing a string literal to format with
[INFO] [stdout]   |
[INFO] [stdout] 6 |     println!("{}", '\u{2600}');
[INFO] [stdout]   |              ^^^^^
[INFO] [stdout] 
[INFO] [stdout] 
[INFO] [stdout] error: format argument must be a string literal
[INFO] [stdout]  --> src/bin/primitives.rs:7:14
[INFO] [stdout]   |
[INFO] [stdout] 7 |     println!('\u{99}');
[INFO] [stdout]   |              ^^^^^^^^
[INFO] [stdout]   |
[INFO] [stdout] help: you might be missing a string literal to format with
[INFO] [stdout]   |
[INFO] [stdout] 7 |     println!("{}", '\u{99}');
[INFO] [stdout]   |              ^^^^^
[INFO] [stdout] 
[INFO] [stdout] 
[INFO] [stdout] error: aborting due to 5 previous errors
[INFO] [stdout] 
[INFO] [stdout] 
[INFO] [stdout] error: format argument must be a string literal
[INFO] [stdout]  --> src/bin/primitives.rs:3:14
[INFO] [stdout]   |
[INFO] [stdout] 3 |     println!('\u{0024}');
[INFO] [stdout]   |              ^^^^^^^^^^
[INFO] [stdout]   |
[INFO] [stdout] help: you might be missing a string literal to format with
[INFO] [stdout]   |
[INFO] [stdout] 3 |     println!("{}", '\u{0024}');
[INFO] [stdout]   |              ^^^^^
[INFO] [stdout] 
[INFO] [stdout] 
[INFO] [stdout] error[E0425]: cannot find value `handle` in this scope
[INFO] [stdout]   --> src/bin/file_io.rs:28:40
[INFO] [stdout]    |
[INFO] [stdout] 28 |         Err => println!("Error\n{:?}", handle),
[INFO] [stdout]    |                                        ^^^^^^ not found in this scope
[INFO] [stdout] 
[INFO] [stdout] 
[INFO] [stdout] error: format argument must be a string literal
[INFO] [stdout]  --> src/bin/primitives.rs:4:14
[INFO] [stdout]   |
[INFO] [stdout] 4 |     println!('\u{00A5}');
[INFO] [stdout]   |              ^^^^^^^^^^
[INFO] [stdout]   |
[INFO] [stdout] help: you might be missing a string literal to format with
[INFO] [stdout]   |
[INFO] [stdout] 4 |     println!("{}", '\u{00A5}');
[INFO] [stdout]   |              ^^^^^
[INFO] [stdout] 
[INFO] [stdout] 
[INFO] [stdout] error: format argument must be a string literal
[INFO] [stdout]  --> src/bin/primitives.rs:5:14
[INFO] [stdout]   |
[INFO] [stdout] 5 |     println!('\u{26A1}');
[INFO] [stdout]   |              ^^^^^^^^^^
[INFO] [stdout]   |
[INFO] [stdout] help: you might be missing a string literal to format with
[INFO] [stdout]   |
[INFO] [stdout] 5 |     println!("{}", '\u{26A1}');
[INFO] [stdout]   |              ^^^^^
[INFO] [stdout] 
[INFO] [stdout] 
[INFO] [stdout] error: format argument must be a string literal
[INFO] [stdout]  --> src/bin/primitives.rs:6:14
[INFO] [stdout]   |
[INFO] [stdout] 6 |     println!('\u{2600}');
[INFO] [stdout]   |              ^^^^^^^^^^
[INFO] [stdout]   |
[INFO] [stdout] help: you might be missing a string literal to format with
[INFO] [stdout]   |
[INFO] [stdout] 6 |     println!("{}", '\u{2600}');
[INFO] [stdout]   |              ^^^^^
[INFO] [stdout] 
[INFO] [stdout] 
[INFO] [stdout] error: format argument must be a string literal
[INFO] [stdout]  --> src/bin/primitives.rs:7:14
[INFO] [stdout]   |
[INFO] [stdout] 7 |     println!('\u{99}');
[INFO] [stdout]   |              ^^^^^^^^
[INFO] [stdout]   |
[INFO] [stdout] help: you might be missing a string literal to format with
[INFO] [stdout]   |
[INFO] [stdout] 7 |     println!("{}", '\u{99}');
[INFO] [stdout]   |              ^^^^^
[INFO] [stdout] 
[INFO] [stdout] 
[INFO] [stdout] error: aborting due to 5 previous errors
[INFO] [stdout] 
[INFO] [stdout] 
[INFO] [stdout] error[E0601]: `main` function not found in crate `text_in_file`
[INFO] [stdout]   |
[INFO] [stdout]   = note: consider adding a `main` function to `src/bin/text_in_file.rs`
[INFO] [stdout] 
[INFO] [stdout] 
[INFO] [stdout] error: aborting due to previous error
[INFO] [stdout] 
[INFO] [stdout] 
[INFO] [stdout] For more information about this error, try `rustc --explain E0601`.
[INFO] [stdout] 
[INFO] [stdout] warning: value assigned to `dice_roll` is never read
[INFO] [stdout]   --> src/bin/dice_roll.rs:48:9
[INFO] [stdout]    |
[INFO] [stdout] 48 |     let mut dice_roll = 0;
[INFO] [stdout]    |         ^^^^^^^^^^^^^
[INFO] [stdout]    |
[INFO] [stdout]    = note: `#[warn(unused_assignments)]` on by default
[INFO] [stdout]    = help: maybe it is overwritten before being read?
[INFO] [stdout] 
[INFO] [stdout] 
[INFO] [stdout] warning: 1 warning emitted
[INFO] [stdout] 
[INFO] [stdout] 
[INFO] [stdout] error[E0308]: mismatched types
[INFO] [stdout]   --> src/bin/file_io.rs:27:9
[INFO] [stdout]    |
[INFO] [stdout] 26 |     let mut handle = match fs::File::open(f){
[INFO] [stdout]    |                            ----------------- this expression has type `std::result::Result<File, std::io::Error>`
[INFO] [stdout] 27 |         Some(handle) => println!("File\n{:?}", handle),
[INFO] [stdout]    |         ^^^^^^^^^^^^ expected enum `std::result::Result`, found enum `Option`
[INFO] [stdout]    |
[INFO] [stdout]    = note: expected enum `std::result::Result<File, std::io::Error>`
[INFO] [stdout]               found enum `Option<_>`
[INFO] [stdout] 
[INFO] [stdout] 
[INFO] [stdout] error: aborting due to 3 previous errors
[INFO] [stdout] 
[INFO] [stdout] 
[INFO] [stdout] Some errors have detailed explanations: E0308, E0425, E0530.
[INFO] [stdout] 
[INFO] [stdout] For more information about an error, try `rustc --explain E0308`.
[INFO] [stdout] 
[INFO] [stdout] warning: value assigned to `dice_roll` is never read
[INFO] [stdout]   --> src/bin/dice_roll.rs:48:9
[INFO] [stdout]    |
[INFO] [stdout] 48 |     let mut dice_roll = 0;
[INFO] [stdout]    |         ^^^^^^^^^^^^^
[INFO] [stdout]    |
[INFO] [stdout]    = note: `#[warn(unused_assignments)]` on by default
[INFO] [stdout]    = help: maybe it is overwritten before being read?
[INFO] [stdout] 
[INFO] [stdout] 
[INFO] [stdout] warning: 1 warning emitted
[INFO] [stdout] 
[INFO] [stdout] 
[INFO] [stderr] error: build failed
[INFO] running `Command { std: "docker" "inspect" "071a84cedbff27e8bf5046879697c07a232f5384aaf506327e698fc9d8fd8211", kill_on_drop: false }`
[INFO] running `Command { std: "docker" "rm" "-f" "071a84cedbff27e8bf5046879697c07a232f5384aaf506327e698fc9d8fd8211", kill_on_drop: false }`
[INFO] [stdout] 071a84cedbff27e8bf5046879697c07a232f5384aaf506327e698fc9d8fd8211
